{"id":789,"date":"2016-11-19T10:27:53","date_gmt":"2016-11-19T08:27:53","guid":{"rendered":"http:\/\/sykle.de\/?page_id=789"},"modified":"2016-11-21T10:50:09","modified_gmt":"2016-11-21T08:50:09","slug":"route-16","status":"publish","type":"page","link":"http:\/\/sykle.de\/?page_id=789","title":{"rendered":"Route \u00b416"},"content":{"rendered":"<p>Die Fakten:<\/p>\n<ul>\n&#8211; 302 km gelaufen<br \/>\n&#8211; 16800 H\u00f6henmeter Anstieg<br \/>\n&#8211; 17 Wandertage &#8211; keine Ruhetage<br \/>\n&#8211; 75 Stunden und 38 Minuten unterwegs<br \/>\n&#8211; 36000 kcal verbannt (gesch\u00e4tzt von Garmin)<\/ul>\n<p>\u00dcbernachtungen:<\/p>\n<ul>\n&#8211; (Mittenwald Pension W\u00f6rnle \ud83d\ude09 Einstieg in Scharnitz<br \/>\n&#8211; Hallerangerhaus<br \/>\n&#8211; Hall (Zum Goldenen Engel)<br \/>\n&#8211; Lizumer H\u00fctte<br \/>\n&#8211; Tuxer-Joch-Haus<br \/>\n&#8211; Dominikush\u00fctte<br \/>\n&#8211; Stein (Pension Bartlhof)<br \/>\n&#8211; Pfunders (Pension Wieserhof)<br \/>\n&#8211; Kreuzwiesenh\u00fctte<br \/>\n&#8211; W\u00fcrzjoch (Gasthof \u00dctia de B\u00f6rz)<br \/>\n&#8211; Puezh\u00fctte<br \/>\n&#8211; Pisciadu-H\u00fctte<br \/>\n&#8211; Refugio Viel dal Pan<br \/>\n&#8211; Alleghe (Sporthotel Europa)<br \/>\n&#8211; Tissih\u00fctte<br \/>\n&#8211; Passo Duran<br \/>\n&#8211; Rifugio Pian de Fontana<br \/>\n&#8211; Abstieg ins Cordevolet-Tal (-> Belluno -> Venedig)<\/p>\n<\/ul>\n<div id=\"attachment_774\" style=\"width: 294px\" class=\"wp-caption alignnone\"><a href=\"http:\/\/sykle.de\/wp-content\/uploads\/2016\/07\/Screen-Shot-2016-07-22-at-17.15.52.png\"><img loading=\"lazy\" decoding=\"async\" aria-describedby=\"caption-attachment-774\" src=\"http:\/\/sykle.de\/wp-content\/uploads\/2016\/07\/Screen-Shot-2016-07-22-at-17.15.52-284x300.png\" alt=\"Gesamtroute\" width=\"284\" height=\"300\" class=\"size-medium wp-image-774\" srcset=\"http:\/\/sykle.de\/wp-content\/uploads\/2016\/07\/Screen-Shot-2016-07-22-at-17.15.52-284x300.png 284w, http:\/\/sykle.de\/wp-content\/uploads\/2016\/07\/Screen-Shot-2016-07-22-at-17.15.52-970x1024.png 970w, http:\/\/sykle.de\/wp-content\/uploads\/2016\/07\/Screen-Shot-2016-07-22-at-17.15.52.png 1456w\" sizes=\"(max-width: 284px) 100vw, 284px\" \/><\/a><p id=\"caption-attachment-774\" class=\"wp-caption-text\">Gesamtroute<\/p><\/div>\n","protected":false},"excerpt":{"rendered":"<p>Die Fakten: &#8211; 302 km gelaufen &#8211; 16800 H\u00f6henmeter Anstieg &#8211; 17 Wandertage &#8211; keine Ruhetage &#8211; 75 Stunden und 38 Minuten unterwegs &#8211; 36000 kcal verbannt (gesch\u00e4tzt von Garmin) \u00dcbernachtungen: &#8211; (Mittenwald Pension W\u00f6rnle \ud83d\ude09 Einstieg in Scharnitz &#8211; &hellip; <a href=\"http:\/\/sykle.de\/?page_id=789\">Weiterlesen <span class=\"meta-nav\">&rarr;<\/span><\/a><\/p>\n","protected":false},"author":1,"featured_media":0,"parent":0,"menu_order":0,"comment_status":"open","ping_status":"open","template":"","meta":{"footnotes":""},"class_list":["post-789","page","type-page","status-publish","hentry"],"_links":{"self":[{"href":"http:\/\/sykle.de\/index.php?rest_route=\/wp\/v2\/pages\/789"}],"collection":[{"href":"http:\/\/sykle.de\/index.php?rest_route=\/wp\/v2\/pages"}],"about":[{"href":"http:\/\/sykle.de\/index.php?rest_route=\/wp\/v2\/types\/page"}],"author":[{"embeddable":true,"href":"http:\/\/sykle.de\/index.php?rest_route=\/wp\/v2\/users\/1"}],"replies":[{"embeddable":true,"href":"http:\/\/sykle.de\/index.php?rest_route=%2Fwp%2Fv2%2Fcomments&post=789"}],"version-history":[{"count":7,"href":"http:\/\/sykle.de\/index.php?rest_route=\/wp\/v2\/pages\/789\/revisions"}],"predecessor-version":[{"id":815,"href":"http:\/\/sykle.de\/index.php?rest_route=\/wp\/v2\/pages\/789\/revisions\/815"}],"wp:attachment":[{"href":"http:\/\/sykle.de\/index.php?rest_route=%2Fwp%2Fv2%2Fmedia&parent=789"}],"curies":[{"name":"wp","href":"https:\/\/api.w.org\/{rel}","templated":true}]}}

<p>Die Fakten:</p>
<ul>
&#8211; 302 km gelaufen<br />
&#8211; 16800 Höhenmeter Anstieg<br />
&#8211; 17 Wandertage &#8211; keine Ruhetage<br />
&#8211; 75 Stunden und 38 Minuten unterwegs<br />
&#8211; 36000 kcal verbannt (geschätzt von Garmin)</ul>
<p>Übernachtungen:</p>
<ul>
&#8211; (Mittenwald Pension Wörnle 😉 Einstieg in Scharnitz<br />
&#8211; Hallerangerhaus<br />
&#8211; Hall (Zum Goldenen Engel)<br />
&#8211; Lizumer Hütte<br />
&#8211; Tuxer-Joch-Haus<br />
&#8211; Dominikushütte<br />
&#8211; Stein (Pension Bartlhof)<br />
&#8211; Pfunders (Pension Wieserhof)<br />
&#8211; Kreuzwiesenhütte<br />
&#8211; Würzjoch (Gasthof Ütia de Börz)<br />
&#8211; Puezhütte<br />
&#8211; Pisciadu-Hütte<br />
&#8211; Refugio Viel dal Pan<br />
&#8211; Alleghe (Sporthotel Europa)<br />
&#8211; Tissihütte<br />
&#8211; Passo Duran<br />
&#8211; Rifugio Pian de Fontana<br />
&#8211; Abstieg ins Cordevolet-Tal (-> Belluno -> Venedig)</p>
</ul>
<div id="attachment_774" style="width: 294px" class="wp-caption alignnone"><a href="http://sykle.de/wp-content/uploads/2016/07/Screen-Shot-2016-07-22-at-17.15.52.png"><img loading="lazy" decoding="async" aria-describedby="caption-attachment-774" src="http://sykle.de/wp-content/uploads/2016/07/Screen-Shot-2016-07-22-at-17.15.52-284x300.png" alt="Gesamtroute" width="284" height="300" class="size-medium wp-image-774" srcset="http://sykle.de/wp-content/uploads/2016/07/Screen-Shot-2016-07-22-at-17.15.52-284x300.png 284w, http://sykle.de/wp-content/uploads/2016/07/Screen-Shot-2016-07-22-at-17.15.52-970x1024.png 970w, http://sykle.de/wp-content/uploads/2016/07/Screen-Shot-2016-07-22-at-17.15.52.png 1456w" sizes="(max-width: 284px) 100vw, 284px" /></a><p id="caption-attachment-774" class="wp-caption-text">Gesamtroute</p></div>

<p>Die Fakten: &#8211; 302 km gelaufen &#8211; 16800 Höhenmeter Anstieg &#8211; 17 Wandertage &#8211; keine Ruhetage &#8211; 75 Stunden und 38 Minuten unterwegs &#8211; 36000 kcal verbannt (geschätzt von Garmin) Übernachtungen: &#8211; (Mittenwald Pension Wörnle 😉 Einstieg in Scharnitz &#8211; &hellip; <a href="http://sykle.de/?page_id=789">Weiterlesen <span class="meta-nav">&rarr;</span></a></p>
